 remainder when a(-3) is divided by v(-4).
12
Let u(z) = z. Let b be u(-2). Let p = 69 - 60. What is the remainder when (-69)/(-2) + b/4 is divided by p?
7
What is the remainder when 40 is divided by (-1)/4*3 + 1404/208?
4
Let p = -18 + 23. What is the remainder when (-1)/2 - 34/(-4) is divided by p?
3
Let d(k) = k**2 - 1. Let p(x) = x**3 + 2*x**2 - 2. Let g be p(-2). Calculate the remainder when 7 is divided by d(g).
1
Let p = -13 - -26. What is the remainder when 23 is divided by p?
10
Suppose -38 = -p + 5*m, 2*p + 2*p - 88 = 4*m. Calculate the remainder when 34 is divided by p.
16
Let j(k) = 2*k**2 + 4*k - 3. Calculate the remainder when 50 is divided by j(2).
11
Let u = -92 + 174. What is the remainder when u is divided by 21?
19
Suppose v - 16 = 3*k - 0*k, 139 = 4*v + 3*k. Suppose -2*y + 42 = -5*l, -5*y + 1 = 5*l - 69. What is the remainder when v is divided by y?
15
Calculate the remainder when 15 is divided by (27/(-12))/(18/(-48)).
3
Suppose 134 = 4*h - 278. What is the remainder when 4/14 + h/7 is divided by 6?
3
Let a = 43 + 17. Suppose 2*g - a = -2*g. Suppose -5*m - 27 = -72. What is the remainder when g is divided by m?
6
Let u(f) = -f**3 + 5*f**2 - 3*f + 5. Let a be u(4). Calculate the remainder when (-2)/3 + 312/a is divided by 12.
10
Suppose -4*h = -14*h + 140. Calculate the remainder when 52 is divided by h.
10
Let y(t) = 2*t**2 + 9*t**2 - 2 - 3*t**2 - 5*t**2 + 2*t. What is the remainder when 26 is divided by y(2)?
12
Suppose 0 = 4*p - 4*h - 28, h = -p + 13 + 4. Suppose -18 = -j + 27. Calculate the remainder when j is divided by p.
9
Let f(w) = -13*w + 1 + 3 + w**2 - 3. What is the remainder when 29 is divided by f(14)?
14
Let i = 23 - -23. What is the remainder when i is divided by 4?
2
Let n = 105 + -55. Let q(m) = -1 - 7*m**2 - 2*m**2 - 9*m - 4*m**2 - 4*m**3 + 2*m**3. Calculate the remainder when n is divided by q(-6).
16
Let i = 4 + 2. Let w = i - 4. What is the remainder when w*((-4 - -3) + 7) is divided by 7?
5
Let t = 19 + -18. Let i = 17 + t. Calculate the remainder when i is divided by 10.
8
Let u(r) = 4*r**3 + r**2 - 2. Suppose 4*a - 4*w - 8 = 0, 5*a - 9 = 3*w + 1. Suppose 6*q - 24 = 4*q. Calculate the remainder when u(a) is divided by q.
10
Suppose 95 = -4*n + 9*n. Calculate the remainder when n is divided by 7.
5
Let o = 1 + 1. Suppose 0 = 4*n + o*a + a - 185, 4*n = -5*a + 183. Suppose 2*f = -0*d + 4*d - 54, -3*f + 15 = 0. What is the remainder when n is divided by d?
15
Suppose -11 - 13 = -2*i. Calculate the remainder when i is divided by 2/(-5) - (-54)/10.
2
Suppose -4*x = -1 - 51. What is the remainder when 25 is divided by (-4)/(3 + -7)*x?
12
Let o(v) = -v**2 - 9*v + 3. What is the remainder when 83 is divided by o(-7)?
15
Suppose -2*k + 3*w = 2*k - 135, -2*k + 62 = 4*w. What is the remainder when k is divided by 9?
6
Let b(v) = v**2 + 4*v + 13. What is the remainder when 148 is divided by b(-6)?
23
Let w(c) = -5*c**3 - 3*c**2 - 3*c. Calculate the remainder when 66 is divided by w(-2).
32
Calculate the remainder when 77 is divided by 2*1 - (14 + -32).
17
Suppose 32 - 146 = -6*r. Calculate the remainder when 51 is divided by r.
13
Suppose v - 35 = -4*v. Let y(x) = -x**2 + 6*x + 10. Let r be y(7). Suppose -l - s = l - 30, 0 = l + r*s - 25. Calculate the remainder when l is divided by v.
6
Suppose 0 = 2*q + 2*t - 34, -4*q + 3*t - 4*t = -53. Calculate the remainder when 21 is divided by q.
9
Suppose 0 = -3*z - 6*u + u + 35, z - 2*u = -3. Let p = 11 + -6. Suppose 6*c - p*c - 13 = 0. What is the remainder when c is divided by z?
3
Suppose -4*a - 4 = -2*h - 42, 0 = 3*a - h - 27. What is the remainder when a is divided by 3?
2
Suppose -3*g - 85 = -8*g. Suppose -3*p + r = -30, p + 3*r - r = g. Calculate the remainder when 21 is divided by p.
10
Let q = 17 - -7. Let y = -3 + q. Calculate the remainder when y is divided by 11.
10
Let c(w) = -5*w**2. Let b be c(1). Let i = 11 + b. Calculate the remainder when 10 is divided by i.
4
Let n(d) = -d**2 + 5*d + 1. Calculate the remainder when n(5) is divided by 1.
0
Let m = -249 - -438. What is the remainder when (-3)/(-12) - m/(-12) is divided by 88/14 + (-4)/14?
4
Suppose 0 = 2*c + s + 12 - 128, -3*c + 168 = 3*s. What is the remainder when c is divided by 21?
18
Let o(y) = y**3 - 13*y**2 + 2*y - 9. What is the remainder when o(13) is divided by 7?
3
Suppose -3*v - 15 = 2*v. Let y be -1*(-8)/v*3. Calculate the remainder when 32 is divided by y/(-12)*(-33)/(-2).
10
Let l(b) = b**3 - 5*b**2 + 6. Let v be l(5). Suppose j - 5 = v. What is the remainder when 30 is divided by j?
8
Suppose 5*j - 37 = -2*a, 3*j + 2*j - 36 = -a. Calculate the remainder when 3*6 + (-3)/(-3) is divided by j.
5
Suppose -1 = 4*i - 65. What is the remainder when 30 is divided by i?
14
Let c = 9 + -2. Calculate the remainder when c is divided by ((-2)/(-9))/(8 + 639/(-81)).
1
Let w = 57 - 38. Suppose -s + w = -6. Calculate the remainder when s is divided by 9.
7
Let v = -33 - -108. Suppose -5*f + 0*f = -v. What is the remainder when 26 is divided by f?
11
Suppose 0*s = -5*p - 5*s + 130, 0 = -p - 4*s + 35. What is the remainder when 65 is divided by p?
19
Let a = -78 - -148. What is the remainder when a is divided by 18?
16
Suppose -2*z + 244 = 2*z. What is the remainder when z is divided by 21?
19
Let z = 110 + -74. Let o(m) = 13*m**3 + m**2 - m. Calculate the remainder when z is divided by o(1).
10
Suppose 89*s = 94*s - 115. What is the remainder when 113 is divided by s?
21
Suppose -d + 10 = -3. What is the remainder when 38 is divided by d?
12
Calculate the remainder when 84 is divided by (-152)/(-9) - (-2)/18.
16
Let m = -32 + 63. What is the remainder when m is divided by 15 + (-1)/2*-4?
14
Let b(k) = 22*k. Calculate the remainder when b(2) is divided by 9.
8
Calculate the remainder when (1 - -2)/(-1) - (5 + -28) is divided by 14.
6
Calculate the remainder when 5/(5/16) - (-3 - -6) is divided by 5.
3
Let t = 31 + -10. Calculate the remainder when t is divided by 8.
5
Let n(s) = 6*s**2 + 4*s + 2. Let b be n(-2). Let v = b - 5. Calculate the remainder when 25 is divided by v.
12
Suppose 0 = -5*k + 69 - 19. Let i(a) = -4*a**2 - 5*a - a**3 + 3*a + a. What is the remainder when k is divided by i(-4)?
2
Suppose a = 3*x + 4, 0 = -5*a - x + 12 + 72. Calculate the remainder when 29 is divided by a.
13
What is the remainder when 10 is divided by (-29)/(-9) + 4/(-18)?
1
Let i(b) = 35*b**3 + b - 2. Let a be i(1). Let g = a + -19. Calculate the remainder when 28 is divided by g.
13
Let d(o) = 5*o**2 - 4. Calculate the remainder when d(-3) is divided by 11.
8
Suppose -5*u + 193 = 3*f, -2*u + 111 - 40 = -5*f. What is the remainder when u is divided by 13?
12
Suppose -3*l + q + 7 = 0, -2*l = -2*q - q. Let c = -3 - -1. Let u = c - -5. What is the remainder when u is divided by l?
0
Suppose -3*k - 8 = -4*k. What is the remainder when k is divided by 3?
2
Let z(v) = -v + 16. Calculate the remainder when 36 is divided by z(5).
3
Let f = -5 - -2. Let n = f - -10. Calculate the remainder when n is divided by (-39)/(-12) + 2/(-8).
1
Let r(h) = -h**2 - 15*h - 18. Let n be r(-14). Let w(c) = -9*c + 3. Calculate the remainder when w(n) is divided by 10.
9
Let c be -12*(-1)/(8/30). Suppose -2*l - c = -5*l. Calculate the remainder when l is divided by 8.
7
Suppose 0 = 4*h, 8*h - 87 = -3*t + 3*h. What is the remainder when t is divided by 2?
1
Suppose 0*i = 2*i + 8. Suppose 4*k + 0*t = -2*t + 34, 5*k + t - 38 = 0. What is the remainder when k is divided by 4 + 2 + i/2?
3
Let j(m) = -m**3 - 2*m**2 - 2*m - 1. Let p = 18 - 11. Calculate the remainder when p is divided by j(-2).
1
Suppose 4*c - 5*l = 128, c - 3 = 3*l + 29. Let g(s) = -2*s**2 - 9*s + 3. Calculate the remainder when c is divided by g(-4).
4
Let u = 0 - 4. Let k(b) = b**3 + 4*b**2 - b + 4. Calculate the remainder when k(u) is divided by 4.
0
Let u(c) = c**3 + 3*c**2 - 5*c - 7. Let p be u(-4). Calculate the remainder when 97 is divided by (-50)/(-3)*p/(-2).
22
Let z(m) = m + 37. Let y = -20 + 33. Calculate the remainder when z(0) is divided by y.
11
Let q(h) = -5*h**3 + 7*h**2 - 5*h + 2. Let f(b) = -b**3 + b**2 - b + 1. Let n(u) = 3*f(u) - q(u). Calculate the remainder when n(2) is divided by 3.
2
Suppose x - o + 19 = 0, 2*o = 5*x - 0*x + 101. Let b = -13 - x. Calculate